nd t?
17
Let g be (-4)/2 - 1*10. Let u be (1*9)/(g/(-72)). Calculate the highest common divisor of 6 and u.
6
Let f be ((-34)/8)/(55/(-440)). Calculate the greatest common divisor of f and 374.
34
Suppose v + 5*i = 3*i - 272, v = -3*i - 271. Let p be 36/(-306) - v/17. What is the highest common divisor of 40 and p?
8
Suppose -4*n + 168 + 72 = 0. Suppose -5*u + 3*w = -62, 2*w + 32 = 2*u - w. What is the greatest common divisor of u and n?
10
Let s = -20 + 72. What is the greatest common divisor of s and 468?
52
Let y(g) = -2*g**2 - 9*g. Let b be y(-8). Let j = -32 - b. What is the highest common factor of 120 and j?
24
Suppose 24*q = -5*d + 25*q + 3311, d - 643 = 5*q. Calculate the greatest common factor of 39 and d.
39
Suppose 64*u - 59*u - 65 = 0. Suppose u*m - 10*m - 54 = 0. What is the greatest common divisor of m and 72?
18
Suppose 532*g = 539*g - 4123. What is the highest common divisor of g and 31?
31
Suppose 3*z + 6 = 0, 212*h - 1561 = 209*h + 5*z. Calculate the greatest common factor of 44 and h.
11
Let v be (-20)/16*(2 - 6). Let u = v - 4. Suppose -o = -u - 11. What is the highest common factor of o and 12?
12
Suppose -1661*f = -1652*f - 99. What is the greatest common divisor of 19 and f?
1
Let o = 31 - 30. Let g be ((-45)/6)/(o/(-6)). What is the highest common factor of 9 and g?
9
Let s(b) be the second derivative of -b**5/10 - 5*b**4/12 - 5*b**3/6 - b**2 - 16*b. Let k be s(-2). What is the highest common divisor of k and 3?
1
Let m(i) = 3*i**2 - 39*i + 133. Let j be m(4). Calculate the highest common factor of 175 and j.
25
Suppose -177 = 6*t - 207. What is the greatest common divisor of 1 and t?
1
Let y = -3 - -2. Let u be 1 + (-2 - -5 - (y + 0)). What is the greatest common factor of 2 and u?
1
Let s(b) = b**2 - 10*b + 3. Let d be s(28). What is the greatest common divisor of 39 and d?
39
Suppose -8*y - 78 = -14*y. What is the greatest common divisor of 793 and y?
13
Let d = 91 - 86. Calculate the highest common factor of 155 and d.
5
Suppose 101 + 79 = 3*p. What is the greatest common factor of 40 and p?
20
Let t(a) = 37*a + 108. Let y be t(11). Calculate the highest common factor of y and 25.
5
Let a(q) = 11*q**2 + 2*q + 2. Let h = 18 + -20. Let l be a(h). Calculate the greatest common divisor of 28 and l.
14
Let i be 1290/27 - (-30)/135. What is the highest common factor of i and 12?
12
Suppose 19 = d - 5*s + 2*s, -3 = -s. Calculate the highest common divisor of d and 8.
4
Suppose 10*t - 13*t = -528. Suppose 15*z - 11*z = t. Calculate the highest common divisor of z and 308.
44
Suppose -4*m + 0 = 16. Let b be 0 - 16/m - -3. Let q be 1/3*(20 + 1). What is the highest common divisor of b and q?
7
Let c(y) = -y**2. Let n(m) = -2*m**2 + 8*m - 11. Let x(b) = -3*c(b) + n(b). Let f be x(-10). Calculate the greatest common divisor of 81 and f.
9
Suppose -3*a - 20 = -8*a + 3*y, -2*y - 20 = -5*a. What is the greatest common divisor of a and 98?
2
Suppose 0 = -21*i + 22*i - 2. Suppose -i*o + 15 = -2*z - 7, 0 = 2*o + 5*z - 50. What is the greatest common divisor of 75 and o?
15
Let y = -283 + 307. Calculate the greatest common divisor of 116 and y.
4
Let v be ((-28)/35*116)/(10/(-25)). Calculate the greatest common divisor of 261 and v.
29
Let z = -232 - -233. Calculate the greatest common divisor of 7 and z.
1
Suppose 3*q - 38 = 2*c, 0 = q - 3*c + 4*c - 11. Let v be (-2 + -2)*(-87)/q. Calculate the highest common divisor of v and 145.
29
Let l = 238 + -62. Suppose -139 = -7*u - 27. What is the highest common factor of l and u?
16
Suppose -7 = -12*a + 17. What is the greatest common divisor of a and 70?
2
Let g = 339 - 255. Let o(f) = f**3 + 4*f**2 + 6*f + 7. Let w be o(-5). Let i = g + w. Calculate the highest common divisor of 4 and i.
4
Suppose -8*x + 1410 = 2*x. Suppose -5*q = -3*q - 94. Calculate the greatest common divisor of x and q.
47
Suppose -5*k = -12 + 2, -3*k - 210 = -3*f. Calculate the highest common factor of 45 and f.
9
Let w = 2 - -16. Suppose a = -5*i + 3, 2*a + w = 2*i - 12. Let m = a - -22. Calculate the greatest common factor of m and 30.
10
Suppose 0 = 10*q - 11*q + 11. Let n = 2 + q. Calculate the highest common factor of 91 and n.
13
Suppose 9*a = 685 - 190. Let s = 115 - a. Calculate the highest common divisor of s and 15.
15
Let j be 0 - (1 + -8 + 3). Let n be 46 - j - (3 + 0). Let k be 3/(-12) - 735/(-28). Calculate the highest common factor of k and n.
13
Let h be (-4)/(-1) + 0 + 1. Let l(z) = -z - h*z - z + 3*z. Let i be l(-2). What is the greatest common divisor of i and 8?
8
Let f(b) = -b**2 - 4*b + 2. Let l be f(-4). Let w = 5 - l. Suppose -15 - 7 = -4*u + 2*o, -2*o + w = u. What is the highest common divisor of u and 25?
5
Let d = -46 + 78. Let m = -11 + d. Let x = -19 + m. What is the greatest common divisor of 3 and x?
1
Suppose 0 = -y - 4*y + 195. Let u(m) be the first derivative of -9*m**2/2 - m + 1. Let w be u(-3). Calculate the highest common factor of y and w.
13
Suppose 3*d = 26 + 28. Let o be (d + -2)/(1 - 93/99). What is the greatest common factor of 24 and o?
24
Suppose 5*r - 30 = 2*t, 0*r - r - 3*t = -6. Calculate the highest common factor of r and 162.
6
Suppose -13*z - 10*z + 276 = 0. Calculate the highest common factor of z and 576.
12
Let q(w) = w**3 - w**2 + w + 14. Let t be q(0). Suppose 4*p + 2*b - 15 - 17 = 0, -5*b = -p - t. Calculate the highest common divisor of p and 18.
6
Suppose 9*s - 4*s = -5*t + 45, -2*t = -4*s + 6. Let d(x) = x**3 - 4*x**2 - 2*x + 9. Let n be d(s). Calculate the highest common factor of n and 1.
1
Let v = -26 - -28. Suppose -5*y + 70 = -v*i, -3*y - 14 = -4*y - i. Calculate the highest common divisor of y and 98.
14
Suppose -6*n + j + 148 = -5*n, 5*j - 460 = -3*n. What is the highest common divisor of n and 75?
75
Let b be 1187/12 + -10*18/(-2160). Let v(k) = 10*k**2 - 2*k + 1. Suppose 2*i = -2 + 4. Let o be v(i). Calculate the highest common divisor of o and b.
9
Suppose 5*h - 3*p = -62 + 256, 4*p = 8. Suppose -m = -4*m + 48. What is the highest common divisor of m and h?
8
Let o = -22 + 52. Suppose d + 0*d + q = 40, -d + q = -o. Calculate the highest common divisor of 7 and d.
7
Suppose 336 = 3*s + 60. Let u = 22 - 26. Let r(w) = -7*w - 5. Let v be r(u). What is the greatest common factor of v and s?
23
Suppose 21*v - 18*v - 3*n - 1359 = 0, 4*v - 1810 = 3*n. Calculate the greatest common divisor of 41 and v.
41
Suppose 36 - 28 = 4*z. Suppose -5*j = -z*u - 590, 4*u - 1 - 19 = 0. Calculate the highest common divisor of 48 and j.
24
Let t(o) = 23*o + 985. Let s be t(-21). What is the highest common factor of s and 2?
2
Let p be (-2 + 1 + -1)/(36 + -38). What is the highest common divisor of 31 and p?
1
Let w(t) = 68*t + 183. Let r be w(12). What is the highest common divisor of r and 27?
27
Let k be (-42)/28*(-15 + 1). Let b = k + -18. Let n be 34/b - (-24)/36. What is the highest common divisor of 108 and n?
12
Suppose 61*v = 37*v + 2184. Calculate the highest common divisor of 104 and v.
13
Suppose -14*j = -22*j + 1664. Calculate the greatest common divisor of j and 130.
26
Suppose 4*a = -4*q + 176, 0*a + 2*q = -a + 43. Let p = a + -25. Let g be ((-12)/(-30))/(2/20). Calculate the greatest common factor of g and p.
4
Let w(v) = 3*v**2 - 3*v + 2. Let m be w(1). Let a be (-7)/(2/(-6 + m)). Calculate the highest common factor of a and 14.
14
Let i = 87 + -86. Let y be i*((-24)/(-10))/(36/120). What is the highest common factor of y and 152?
8
Let z = -2007 - -2012. What is the highest common factor of z and 525?
5
Let t(b) = 69*b - 1488. Let k be t(22). Suppose 3*n = n + 150. Calculate the highest common factor of k and n.
15
Suppose -235 + 559 = -4*v. Let f be v/(-5) - 6*(-3)/(-90). What is the greatest common factor of 24 and f?
8
Suppose 7*k - 2153 - 493 = 0. What is the greatest common factor of k and 84?
42
Suppose -3*g - 22 = -n, 2*g = n - 3*g - 32. Suppose 4*k + 3 = n*k. Let l be 9 + (-1)/(2/4). What is the highest common factor of l and k?
1
Suppose 1456 = 3*l - 2*h - 128, l + 3*h = 539. Calculate the greatest common divisor of l and 10.
10
Let s(o) = -o**3 + o**2 - 2*o + 24. Let y be s(-7). Calculate the highest common divisor of 10 and y.
10
Suppose -4*z + 7 = 3*k, 0 = -k - 2*k - 5*z + 5. Calculate the highest common divisor of 135 and k.
5
Let k be